 2*z + k = c. List the prime factors of c.
11
Suppose -p = -5*r - 63, -3*r + 2*r - 271 = -4*p. Suppose -3*o = -5*f - p, 5*f + 6 = o - 0*f. What are the prime factors of o?
31
Suppose d - 2*q - 92 + 26 = 0, -3*q + 330 = 5*d. What are the prime factors of d?
2, 3, 11
Suppose -3*i - 1 = y - 10, -8 = -4*y + 2*i. List the prime factors of (21 - y)*1/2.
3
Let w(f) = 18*f + 27. List the prime factors of w(14).
3, 31
Let o(p) = 7 + p + 3 + 2 - 2. List the prime factors of o(11).
3, 7
Let i(n) = n**3 + 5*n**2 - 5*n + 8. Let r be i(-6). Suppose r*f - 8 = -3*v + 3, 4*f + 11 = 5*v. What are the prime factors of v?
3
Suppose 4950 = -0*p + 11*p. List the prime factors of p.
2, 3, 5
Let r(g) = g. Let o(z) = 3*z. Let v(i) = 2*o(i) - 5*r(i). Let a be v(-4). List the prime factors of 111/21 + a/14.
5
Let h = -6 - 26. Let x = h + 74. List the prime factors of x.
2, 3, 7
Suppose 119 = 4*m - 37. Let p = m + -26. What are the prime factors of p?
13
Suppose 0*y = -y + h, 3 = 3*h. Let z = 0 + y. List the prime factors of (z + -2)*22/(-2).
11
Let f(d) = d**2 - 4*d + 2. Let w be f(4). Suppose 0 = 5*h - w*u, -u + 0*u = h. Let j(a) = a**3 + a**2 + 8. List the prime factors of j(h).
2
Suppose 38 + 6 = 4*q. Let r = 3 + q. What are the prime factors of r?
2, 7
Let f(g) = 5*g - 3. Suppose 5*n - 20 + 0 = 0. What are the prime factors of f(n)?
17
List the prime factors of 306 + 3 + 1*(-4 - -1).
2, 3, 17
Let w be (2/4)/((-2)/4). Let d be (((-42)/w)/(-3))/(-2). What are the prime factors of 18/15*(d - 2)?
2, 3
Let k = -3 - -3. Suppose -5*i - 5*f - 145 = 0, k = 2*i + 3*i + f + 125. What are the prime factors of (8/12)/((-2)/i)?
2
Let x = -17 + 12. Let n be (-12)/x + (-3)/(-5). What are the prime factors of (17/(-5) + n)*-30?
2, 3
Let v = 67 - 10. List the prime factors of v.
3, 19
Suppose -2*j + 10 = -0*j. Suppose 0 = -j*p + 2*z + 99, p - 5*z + 0*z = 29. Suppose w + 37 = 5*l, 3*l - p = w + 4. What are the prime factors of l?
7
Let n be ((-260)/10)/((-2)/1). Let i = -8 + n. What are the prime factors of i?
5
Let c = 35 + -56. Let z = -6 - c. Suppose z = 5*a - 50. What are the prime factors of a?
13
Let f(d) = -d. Suppose 3*i - 2 + 5 = 0. Let b(g) = 12*g**3 - 4*g. Let n(u) = i*b(u) + 5*f(u). What are the prime factors of n(-1)?
13
Let k(l) = 8*l - l**2 + 6 + 1 - 3. Let g be k(7). Suppose 0 = z + 2 - g. What are the prime factors of z?
3
Let d = 6 - -18. What are the prime factors of d?
2, 3
Suppose 2*o - 123 = o. Suppose 4*l = l + o. What are the prime factors of l?
41
Let w be 2/(-6) - 48/18. Let z(b) = b**3 + 3*b**2 - b. Let g be z(w). Suppose -g*f = 3*s - 51, -2*f + 2 = -3*s - 7. What are the prime factors of f?
2, 3
Let v(s) = -8*s - 13*s - 4 + 8*s. List the prime factors of v(-3).
5, 7
Suppose 3*g - 265 = -2*g. What are the prime factors of g?
53
Let n(z) = -z**3 - 10*z**2 + 7. What are the prime factors of n(-10)?
7
Suppose -b - h = h, 3*h - 3 = -3*b. Suppose -b*j + 4*v = -38, 0*v = -3*j + v + 57. Suppose -8 = -3*r + j. What are the prime factors of r?
3
Let v(r) = 3*r**2 - r - 8. List the prime factors of v(-5).
2, 3
Let h(q) = 3*q - 7. Let u be h(6). Suppose 0 = 2*b + 5 - u. Let g(a) = a**2 + 3*a + 2. List the prime factors of g(b).
2, 5
Suppose y + 0*y + 1 = 0. Let k = y + 1. Suppose k*m + m - 4 = 0. List the prime factors of m.
2
Suppose 2*j - 216 = -2*j. What are the prime factors of j?
2, 3
Suppose -3*q + 207 = 4*v - 4*q, -101 = -2*v + q. What are the prime factors of v?
53
Let a = 120 - 39. List the prime factors of a.
3
Suppose 0 = 8*r - 6*r - 16. Suppose -3*d + 25 = 3*w + 2*d, -4*w - 2*d = -10. Suppose w = 3*a - 4*a + r. List the prime factors of a.
2
Let i = -17 + 24. Let z be (-15 + -3)*(0 - 1). Suppose z = i*s - 4*s. What are the prime factors of s?
2, 3
Suppose -i + 41 = -231. List the prime factors of i.
2, 17
Let x be (-21)/(-6)*-1*-2. Suppose -25 = 2*g - x*g. What are the prime factors of 2*((-105)/(-6))/g?
7
Let n(a) = 11*a**3 - 4*a**2 - 3*a - 2. Let u(o) = 5*o**3 - 2*o**2 - o - 1. Let t(v) = -4*n(v) + 9*u(v). What are the prime factors of t(4)?
43
Let s be -6 + -1 - (2 + -2). Let k(t) = t. Let o be k(11). Let n = o + s. What are the prime factors of n?
2
Let c be 279/15 + 3/(-5). Suppose -f = -3*v + 1 - c, 3*f - v = 19. List the prime factors of f.
5
Let c(o) = -6*o - 2. List the prime factors of c(-6).
2, 17
What are the prime factors of (-7 - (-55)/10)*628/(-6)?
157
Suppose -21 = 2*d + 3*p, 4*d + 4*p + 5 = -31. Let r = -8 - -5. Let z = r - d. What are the prime factors of z?
3
Suppose 3*a - 2*a = 4. Suppose 4*o - 16 = a. List the prime factors of o.
5
Suppose 0*i = -4*i - 20. Suppose 5*g + 59 = -5*z + 4, 2*g = -4*z - 36. Let j = i - z. What are the prime factors of j?
2
Let t(r) = 7*r - 2. Let z be t(2). List the prime factors of 3/z + (-110)/(-8).
2, 7
Let y = -20 - -35. Let c = y - -2. List the prime factors of c.
17
Let w = 40 - 28. Let z = 17 - w. List the prime factors of z.
5
Let o(s) = -s**2 + 6*s + 2. Suppose -3*q + q = 0. Suppose 5*h - 30 = -q*h. List the prime factors of o(h).
2
Let u = 1 - -2. Suppose 4*a + 5 = 1. Let c = a + u. What are the prime factors of c?
2
Suppose 6 + 9 = -5*j. Let u(d) = -d**2 - 3*d + 3. What are the prime factors of u(j)?
3
Let w(r) = 3*r. Let u = 13 + -4. Let s = 15 - u. What are the prime factors of w(s)?
2, 3
Suppose 0 = 2*l - 3*a - 1, -l - 4*a = -a - 5. Suppose 0*k - l*k + 36 = 4*p, -4*p - 12 = -2*k. What are the prime factors of k?
2, 3
Let n(k) be the second derivative of k**3/2 + k**2 + 3*k. What are the prime factors of n(4)?
2, 7
Let l = 19 - -1. List the prime factors of l.
2, 5
Let x(k) = -k**3 + 3*k**2 + 2*k - 1. Let l be x(3). Let o(v) = -3*v. Let s be o(1). Let a = l + s. List the prime factors of a.
2
Let d(l) = l + 7. Let c = -6 - -8. Suppose -c*p + 7*p = 0. What are the prime factors of d(p)?
7
Let g = -6 + -10. Let y be (-3 + 0)/(24/g). Suppose -y = -2*w + w. What are the prime factors of w?
2
Let k(y) = y**3 - 2*y**2 - 2*y - 1. Let i be k(3). Suppose -2*z + i*n + 10 = 0, 0 = 5*n - 0 - 15. What are the prime factors of z?
2
Let j(a) = 230*a**2 + 10*a + 9. What are the prime factors of j(-1)?
229
Let u(s) = s**2 + 9*s - 15. List the prime factors of u(-17).
11
Suppose -f - 3*c + 8 = -10, 4*c = 5*f + 5. Suppose -8*l = -11*l - 39. Let t = f - l. What are the prime factors of t?
2
Suppose 0 = 6*b - 5*b - 6. Suppose -4*v = -4*k + k + b, 5*v - 8 = -4*k. Suppose k*x - 5*x + 18 = 0. What are the prime factors of x?
2, 3
Suppose -5*h + 450 = -5*g, -2*g + 360 = 4*h - 5*g. What are the prime factors of h?
2, 3, 5
Suppose 143 + 72 = 5*f. What are the prime factors of f?
43
Let q(m) = 15*m - 18. What are the prime factors of q(3)?
3
Suppose -v + 11 = -0*v. List the prime factors of v.
11
Let d be (20/(-6))/((-4)/12). Suppose 0 = 2*i - 5*j - 3, 2*i - j = -7 - d. Let r = i + 21. List the prime factors of r.
2, 5
Suppose -2*u = -4*x - 7*u + 479, 5*x - 4*u - 609 = 0. List the prime factors of x.
11
Let s = 10 - 4. Let j = 19 + s. What are the prime factors of j?
5
Suppose 0 = 4*i + 4*h + 20, -4*i + 4*h - 2 + 14 = 0. What are the prime factors of 0 + 3 + 11 + i?
13
Let o(m) = -m**3 - 10*m**2 - 9*m - 1. Let q be o(-9). Let f(l) = l**2 - 6*l**3 + l**2 + 2*l + 1 + l**3. What are the prime factors of f(q)?
2, 3
Let f(a) = a**3 + 8*a**2 + 6*a + 1. Let c be f(-6). Suppose -2*o = -3*d + 64, -o - o = 2*d + 44. Let y = c + o. What are the prime factors of y?
11
Suppose 8*b = -0*b + 224. List the prime factors of b.
2, 7
Suppose -4*b + 149 + 43 = 0. Suppose 20 = 3*r + 2*r, -4*x + b = -5*r. List the prime factors of x.
17
Let x(b) = 4*b**2 - b - 1. Let n be x(-1). Let z be (-1)/(-4) + 51/n. Suppose 2*g - 15 = -3*f + z, 5*f = 4*g + 76. List the prime factors of f.
2, 3
Let r(h) = 3*h**2 - 8*h + 7. Let c(t) = -2*t**2 + 8*t - 7. Let g(n) = -4*c(n) - 3*r(n). What are the prime factors of g(-8)?
7
Let k be (-29 + 1)*11/(-22). Suppose 0 = -2*x + k + 40. List the prime factors of x.
3
Let m(y) = -y**3 + 5*y**2 - 2*y + 2. Let d(s) = -s + 8. Let t be d(6). Suppose 3*k - t = 10. What are the prime factors of m(k)?
2, 5
Let r(w) = -2*w**3 - 2*w**2 + 6*w + 4. Let y(b) = -2*b**3 - b**2 + 5*b + 3. Let o(f) = 3*r(f) - 4*y(f). What are the prime factors of o(2)?
2
Let v be 2 - 1 - (-7 - -2). What are the prime factors of (v + -4)/(1/30)?
2, 